culate the highest common factor of 56 and u.
8
Let z(k) = -6*k**3 - 288*k**2 - k + 50. Let p be z(-48). What is the greatest common factor of p and 14?
14
Let q(i) = 33*i - 48. Let a(y) = -2*y - 1. Let b(j) = -6*a(j) + q(j). Let z be b(4). Calculate the greatest common divisor of z and 6.
6
Let t(s) = -s**3 - 20*s**2 - 106*s - 1371. Let y be t(-19). Calculate the highest common factor of y and 1175.
47
Suppose 5*p - 36256 = 2*x, 0 = -3*p - 5*x - 5436 + 27233. What is the highest common divisor of p and 182?
26
Let z = 19152 + -17968. What is the highest common factor of z and 1406?
74
Suppose -2*q + 3*q = -b + 10036, 2*b - 2*q = 20048. What is the highest common divisor of 34 and b?
34
Suppose -3 = 2*p + o + 2*o, -2*p + 2*o = -22. Suppose -117 = -9*b + p*b. Let u be 468/(-2)*(-19)/(-38)*-3. Calculate the greatest common divisor of u and b.
39
Suppose -3*k + 2*k = 0. Suppose -63*l + 61*l - 24 = k. Let o be (162 + -2)*(-8)/l*3. What is the greatest common factor of o and 40?
40
Suppose -19 = -2*k + 33. Suppose 18*i = 23*i - 215. Let z = -30 + i. What is the greatest common divisor of z and k?
13
Let f be 4 + 20/(25 + -5). Calculate the greatest common divisor of f and 65.
5
Let g be 9758/(-187) + (-4)/(-22). Let q be g/234 + (-1166)/18. Let x = q + 236. What is the greatest common factor of x and 19?
19
Let h(i) = 67*i - 19 - 39*i - 21*i. Let k be h(29). Calculate the greatest common divisor of k and 92.
92
Let m = 166 - -4. Suppose -33531*j + 33390*j = -4794. Calculate the highest common divisor of m and j.
34
Suppose -b - 1008 = -5*b. Suppose 33*p + 83*p - 24247 = -4759. Calculate the greatest common factor of p and b.
84
Let d = 13 + 5. Let m be ((-660)/(-275))/(5/(75/6)). What is the greatest common factor of d and m?
6
Suppose -2*h - 4*q + 1878 = 0, 5*q + 3730 = -212*h + 216*h. What is the greatest common divisor of 275 and h?
55
Suppose 3*a + 268 = -5*p, -3*a - 17 = p + 243. Let k be a/(-4) + (-5)/10. Let h be 506/3 - 6/9. What is the greatest common factor of h and k?
21
Suppose -48*i + 45 = -43*i. Suppose -168 = 5*d - i*d. Let w be d/(-4)*((-17)/3 - -1). What is the highest common divisor of 7 and w?
7
Let x = -25 - -27. Suppose -x*u - 10 = -3*u. Let r be 165/(-3 - (-30)/4 - 3). What is the highest common factor of u and r?
10
Suppose -173*m + 450357 = -150299. Calculate the greatest common factor of m and 96.
16
Suppose 67 = 4*w + 5*t, -5*w + t - 939 = -1030. Calculate the greatest common factor of 21078 and w.
18
Let y = -451 - -176. Let p be 7 + y/40 - 119/(-8). Suppose 5*i + 5*n - 17 = 4*n, 2*n - 13 = -3*i. What is the highest common factor of p and i?
3
Let p = 541 - 551. Let q be 2 + 172 + (-40)/p - -2. What is the highest common divisor of q and 20?
20
Suppose -1056*z = -985*z - 5751. What is the highest common divisor of 1773 and z?
9
Let o = -17662 - -20182. What is the highest common factor of 924 and o?
84
Suppose 99*q = -359*q + 2*q + 408576. What is the highest common factor of q and 48?
16
Let a be 90/18 - (2 - 0). Suppose -5*s - a*t + 477 = 0, -s + 3*s - 189 = -3*t. Let d = -5 - -29. What is the greatest common divisor of s and d?
24
Let s = 3435 + 1036. What is the highest common factor of 17 and s?
17
Suppose -2*k - 349 = 65. Let f = 343 + k. What is the highest common divisor of f and 68?
68
Let s be 39*15*(-4)/(-18)*(-11 + 14). What is the greatest common factor of s and 40?
10
Let c(j) = 2*j**2 + 21*j + 15. Let h be c(-10). Suppose -5*n = -3*p - 44 - 65, -h*n + 115 = -5*p. Calculate the highest common divisor of n and 36.
4
Suppose -7020 = -15*x + 5820. Calculate the greatest common factor of x and 56.
8
Suppose -816 = -9*t + t. Let q = -244 - -256. Calculate the greatest common divisor of q and t.
6
Let k = -24 - -43. Suppose -436 = -3*h + 4*g, 26*h - 21*h = 4*g + 740. Calculate the greatest common factor of k and h.
19
Let k = -33 - -73. What is the highest common factor of 920 and k?
40
Let n(j) = 45*j - 504. Let k be n(24). Calculate the highest common factor of k and 9.
9
Let q = 900 - 798. Suppose -25 = 2*t - 9. Let h(b) = 2*b**2 + 12*b + 2. Let s be h(t). Calculate the greatest common divisor of q and s.
34
Suppose 0 = q - 3*n - 17, 0 = 5*n - 3 + 28. Suppose 4 = -4*j + q*j. Let y be (-8)/(-2)*(18 - (j + 2)). Calculate the highest common divisor of y and 8.
8
Suppose -2*y - 3 = -3*b, 5*b + 0 = 4*y + 9. Let h be 1/((-325)/(-465) - (-4)/y). Calculate the highest common divisor of 1 and h.
1
Let x = 84 - 8. Let v = 800 - 1146. Let k = -156 - v. What is the greatest common factor of x and k?
38
Let z(r) = -103*r - 598. Let b be z(-7). Calculate the highest common factor of b and 943.
41
Suppose -2*t - 4*p + 27 = -t, 0 = -3*p + 9. Suppose 540 = -5*y + t*y. Suppose -h + y = 2*h. What is the greatest common divisor of h and 24?
6
Let q = 659 + -263. Suppose 80*x - 68*x - q = 0. Calculate the greatest common divisor of x and 15.
3
Suppose 15*p + 4136 = 45*p + 64*p. What is the highest common factor of 2266 and p?
22
Suppose -2*m + 1494 = -248. Suppose d + m = k + 3*k, 3*d + 2600 = -k. Let x be (-6)/4 + d/(-34). Calculate the greatest common divisor of x and 168.
24
Let c = 1661 - 1653. What is the highest common divisor of 1172 and c?
4
Suppose -125*v - 766 = -126*v - 2*s, -s - 2 = 0. What is the greatest common divisor of v and 35?
35
Let l(g) = -g**2 - 179*g + 438. Let z be l(-83). What is the greatest common factor of 18 and z?
18
Let v(n) = -3*n**2 + 8*n + 5. Let h be v(3). Suppose 325 = o + h*o - 5*x, 0 = 4*o + 5*x - 410. What is the greatest common factor of o and 21?
21
Let a = -1119 + 1121. What is the highest common divisor of 26 and a?
2
Let u = -14 - -16. Suppose 3*y + 228 = g, -u*y + 3*y + 436 = 2*g. Calculate the greatest common factor of 18 and g.
18
Suppose 73 + 107 = 3*a. Suppose -24 = -4*r - 7*r + 10*r. Calculate the greatest common divisor of a and r.
12
Let j be (-8)/28 - (6486/(-14) + 1). Let g = j - 459. Calculate the greatest common factor of 201 and g.
3
Let n(y) = -2*y**3 + 36*y**2 + 9*y - 137. Let c be n(18). Calculate the greatest common factor of 365 and c.
5
Let j = 6167 - 6139. Let d be (0 - -17) + 6/(-2). Suppose z - 2*z = -d. Calculate the highest common divisor of j and z.
14
Let t be (-4 + -2)/(-2) - (-285 + 2). Suppose 408*x - 403*x - 5*p = 650, 2*p - 260 = -2*x. What is the greatest common divisor of t and x?
26
Let o = 12170 + -4690. What is the greatest common divisor of o and 20?
20
Let o(h) = h**3 + h**2 + 2*h - 237. Let n be o(0). Let m = n - -355. Suppose 4*b - m - 18 = 0. What is the greatest common divisor of b and 17?
17
Let u = -1223 + 733. Let y = -441 - u. Let m be 5 - (1 + 1)/(-1). What is the greatest common divisor of m and y?
7
Let y = -128450 + 202880. What is the greatest common divisor of 90 and y?
90
Suppose 11221 - 13174 = -21*b. Calculate the highest common divisor of 15531 and b.
93
Suppose 5*q + 8*a - 130 = 0, -5*a + 34 = 3*q - 9*a. Suppose 0 = m - 26 + 4. Let b = m - 13. Calculate the greatest common divisor of q and b.
9
Let v = 7769 - 7466. What is the greatest common factor of 6 and v?
3
Suppose -8*r + 1200 = 42*r. Let s(c) = -c**3 + 25*c**2 - 16*c - 102. Let k be s(r). What is the greatest common divisor of 40 and k?
10
Let b(o) = -o - 5. Let s be b(-8). Let g be ((-84)/70)/(s*2/20). Let a(f) = f**2 + 15. Let m be a(g). Calculate the greatest common divisor of m and 279.
31
Let j be (-135)/(-108) - 70/(-8). Let w(o) = 4*o + 95. Let c be w(j). What is the highest common factor of c and 27?
27
Let c = 259 + -163. Let r = 740 + -734. What is the highest common divisor of c and r?
6
Let l = -819 - -1036. What is the greatest common factor of 186 and l?
31
Suppose 117524 + 123626 = 35*i. What is the highest common divisor of i and 130?
130
Let m = 180 - 170. Suppose m*y - 121 - 159 = 0. What is the highest common factor of y and 182?
14
Suppose -y = 2*y + 15. Let b = 22 - y. Let w be (-195)/(-35) + -5 - 185/(-7). Calculate the greatest common factor of w and b.
27
Let o(b) = b**3 + 2*b**2 + b + 11. Let r be o(0). Let y be (2 + (1 - 41))/(2/5). Let v = 117 + y. Calculate the highest common factor of v and r.
11
Let t = -22589 + 22733. Suppose -38 = -h - 5*b, 0 = 4*h - 7*b + 3*b - 56. What is the greatest common divisor of h and t?
18
Suppose 33*v = -32*v + 